/(-3) - 13/(-3). What is the greatest common factor of b and t?
4
Let m(w) = -1 + 3*w**3 - 2 + 2. Let p be m(1). Suppose -6*k = -k - 10, 3*n = -2*k + 13. Calculate the highest common factor of p and n.
1
Suppose 4*d + 5*a = 47, d = -3*d - 3*a + 57. Calculate the highest common factor of 2 and d.
2
Let o(i) = 13*i - 16. Let g be o(3). Calculate the highest common factor of g and 184.
23
Let x be (-2)/(-5) - 13/(-5). Calculate the greatest common divisor of x and 2.
1
Let p be 28 + (3 - 2)*5. Calculate the highest common divisor of 297 and p.
33
Suppose -n + 0*n + 4 = 0. Suppose 5*o = -5*c + 60, 7*c - 6*c = 2*o + 24. Calculate the greatest common divisor of n and c.
4
Let d = 259 + -142. Calculate the greatest common divisor of 39 and d.
39
Let w = -23 - -53. Calculate the highest common divisor of 150 and w.
30
Suppose -4*p + p + 117 = 0. Suppose -q - 3*d + p = 0, 2*q - 4*q = 5*d - 73. Calculate the greatest common divisor of q and 36.
12
Let u = -2 - -27. Calculate the highest common factor of 225 and u.
25
Suppose 3*p - 24 = -3. Let y(l) = l + 17*l**2 - 6*l**2 - l**3 - 1 - 3*l + 4*l. Let b be y(p). What is the highest common factor of b and 19?
19
Let n(j) = -32*j + 11. Let g be n(-7). What is the greatest common factor of 94 and g?
47
Suppose -3*d + 15 = -2*a, -3*a + 9 = 4*d - 11. Suppose 2*h = -5*f + 80, 0 = -0*f - 3*f + 12. Calculate the greatest common factor of h and d.
5
Let o = 472 - 276. Calculate the greatest common divisor of 28 and o.
28
Let z be (6/10)/((-7)/(-105)). Suppose -5*c + 411 = 6. Calculate the greatest common divisor of z and c.
9
Suppose -l + 2*l - 4 = 0. Let j be -9*4/(-6)*12. Suppose -116 = -5*x - l*y, 2*x = -x - 3*y + j. Calculate the greatest common divisor of 8 and x.
4
Suppose -2*z - 2*l + 50 = -0*z, 3*z - 55 = l. Suppose 2*k = -16 + 56. What is the highest common factor of z and k?
20
Suppose -13*g = -3*g - 70. What is the greatest common divisor of g and 7?
7
Let p = 546 + -262. Let v = 463 - p. Suppose -4*x - s = -2*x - v, 0 = 4*x + 5*s - 355. What is the greatest common factor of x and 15?
15
Let w = 1 - -3. Suppose -x + 52 = w*g, 0 = -2*x - 2*g + 5*g + 137. Calculate the highest common factor of x and 8.
8
Let k(g) = g - 1. Let l(p) = 10*p - 4. Let n(x) = 8*k(x) - l(x). Let s be n(-8). Calculate the highest common factor of 96 and s.
12
Let z(o) = -o**3 - 13*o**2 - 2*o - 15. Let b = -31 - -18. Let i be z(b). Calculate the greatest common divisor of 11 and i.
11
Suppose t - 1 = 1. Suppose 42 = -4*i - 3*u + 135, -4*u = t*i - 44. Suppose 4*d = -0*d + 12. What is the greatest common divisor of i and d?
3
Suppose 0 = -n + 5*n - 40. Suppose 0 = -0*z + 2*z - n. What is the highest common factor of z and 5?
5
Suppose 2 = b - 10. What is the greatest common divisor of 18 and b?
6
Let l = -23 - -43. What is the highest common divisor of 100 and l?
20
Suppose u + 5*o = 14, -u + 5*u - 148 = 3*o. Suppose 3*l - 64 = -c, 0 = 2*l + 2*c - u - 2. Let f = l + -11. What is the highest common factor of 18 and f?
6
Let y be 1/(-1)*(4 - 8). Suppose 15 = 4*k - 9. Let p be (242/1)/(k - y). Calculate the highest common divisor of p and 11.
11
Let a be (-24)/(-3) - -3*1. Let w = 9 + a. What is the highest common factor of w and 140?
20
Suppose -21*a + 24*a - 15 = 0. What is the greatest common divisor of a and 5?
5
Suppose 3*d - 28 = -b + 5*d, -3*d + 13 = b. What is the highest common divisor of 55 and b?
11
Let t be (-2)/(1 + 73/(-72)). Suppose a + t = -a. Let l = 123 + a. Calculate the greatest common factor of l and 17.
17
Let q = -15 + 17. Suppose 0*n - 22 = -n. What is the greatest common divisor of q and n?
2
Suppose 4*u - 5 = 7. Suppose -u*z + 33 = -3. Calculate the greatest common factor of 84 and z.
12
Suppose 8*p - 6*p = 10. Suppose -96 = p*r - 7*r. Calculate the greatest common factor of 6 and r.
6
Suppose 5 = 5*x + 35. Let v(a) be the first derivative of 2*a**3/3 + 9*a**2/2 - 1. Let w be v(x). What is the greatest common divisor of 54 and w?
18
Suppose 5*b - 4*u - 26 = 2*b, 4*b - 26 = u. Suppose -b*d + 80 = -d. Suppose 4*o + m = -0*o + 13, 2*m + 6 = 0. Calculate the greatest common factor of o and d.
4
Let i be 299 - (0 - (2 + -3)). Suppose -46 = 4*n - i. What is the highest common divisor of n and 21?
21
Let c be 1/(2/11)*2. Suppose 84 = -k + 2*k. Suppose 5 = -5*s, -3*s = a + 10 - k. Calculate the highest common divisor of a and c.
11
Let s(z) = -z**2 + 3*z + 11. Let q be s(4). Calculate the greatest common factor of 35 and q.
7
Suppose -2 = 2*f - 6. Suppose 0 = f*i - 7*i - 40. Let m be ((-130)/i)/((-1)/(-4)). What is the greatest common divisor of m and 13?
13
Let l(t) = t**3 - 6*t**2 + 4*t - 3. Let x be l(6). Calculate the highest common divisor of 105 and x.
21
Suppose 21 = 3*y - 15. Suppose -13 - 24 = -3*z + m, -2*z - 3*m = -21. Calculate the greatest common factor of z and y.
12
Let o(a) = a**3 + a**2 - a + 35. Let l be o(0). Let k be 148/(-10) + (-2)/10. Let r = k + 29. Calculate the greatest common divisor of r and l.
7
Suppose -2*f = 6, t - 3*f + 51 = 5*t. Let p = -21 + t. Let g(d) = -2*d - 9. Let m be g(p). What is the highest common factor of 9 and m?
3
Let z = 14 + 49. Let j be ((-3)/(-2))/(3/42). Calculate the greatest common factor of z and j.
21
Suppose 3*v + 3*h = h, 0 = 4*v - h - 11. Suppose -1 = -2*l + 3, y - v*l = -4. Suppose y*z = -z + 7. Calculate the highest common divisor of z and 77.
7
Suppose 5*s = 3*k - 6*k - 10, 3*s = 3*k + 18. Let v be s*(1 + -2 - -2). What is the greatest common divisor of v and 3?
1
Let b(g) = -63*g**2 - g - 2. Let x be b(-2). Let f be x/8*(-16)/6. Calculate the greatest common divisor of 12 and f.
12
Let r(l) = l + 17. Let u be r(-11). Suppose 3*k + u = 4*k. Calculate the greatest common divisor of 42 and k.
6
Suppose 4*i = 5*z - z - 16, z - 4*i = 1. Suppose -2*n + 80 = -0*n. What is the highest common divisor of z and n?
5
Let f(p) = -p**3 - 6*p**2 - 12*p - 7. Let s be f(-5). What is the greatest common factor of 14 and s?
14
Suppose 3*w = 3*i + 9, -4*w = -4*i + i - 13. Let r = 9 - w. Suppose -11 = -r*n + 4. Calculate the greatest common divisor of n and 3.
3
Let z be ((-6)/10)/(1/(-5)). Suppose z*b + 5 = 5*v - 8, -4*b = 2*v. Suppose -v*w - 4 = -24. What is the highest common divisor of w and 5?
5
Suppose 0 = p + 5, -3*p - 112 - 128 = -5*a. Calculate the highest common divisor of 9 and a.
9
Suppose 5*x = 4*l - 85, 2*l = 4*x - x + 43. Let p = l - 11. Calculate the highest common divisor of p and 72.
9
Let x be (-10)/25 + (-352)/(-5). Calculate the greatest common divisor of x and 10.
10
Let o = 97 - -88. Calculate the highest common factor of 5 and o.
5
Suppose -3*c - 9 = -5*i + 2, -2*c = -5*i + 14. Let l = 10 + c. What is the greatest common divisor of l and 143?
13
Let p = -23 - -37. What is the greatest common factor of p and 14?
14
Let l(y) = 78*y**3 - y**2 + y - 1. Let t be l(1). Calculate the highest common factor of 7 and t.
7
Suppose -237 - 11 = -4*u + 2*a, -5*a + 40 = u. Calculate the highest common divisor of 10 and u.
10
Let b be ((-4)/(-16) + (-159)/60)*-35. Calculate the greatest common factor of b and 12.
12
Let v(g) = 12*g**2 + g - 1. Let s be v(1). Let z(w) = w**2 - 8*w - 57 + 57. Let k be z(s). What is the highest common factor of k and 6?
6
Let u be 3*((-96)/(-9) - 0). Calculate the highest common factor of 80 and u.
16
Let b(n) = 9*n**2 - 4*n - 6. Let w be b(-6). Calculate the greatest common factor of 38 and w.
38
Suppose -2*h + 21 = -9. Suppose 2*u = -3*u + h. Suppose 410 = u*y - 250. Calculate the highest common divisor of y and 20.
20
Let o = 10 + -6. Suppose -2*a + 20 = 3*a. Calculate the greatest common factor of a and o.
4
Suppose 30*k = 26*k + 104. Calculate the greatest common divisor of k and 286.
26
Let d be (-1033)/(-8) + 7/(-56). Let g be ((-6)/(-5))/(4/10). Suppose -5 = -z - 2*x - g*x, 5*z = x + d. What is the greatest common factor of z and 5?
5
Let b be 6/(-14) + (-2544)/(-56). Suppose n + 4*n = b. Calculate the greatest common factor of n and 63.
9
Suppose 11 = 3*n - 34. Suppose 5*h - 11 - 4 = 0. What is the greatest common divisor of h and n?
3
Let z = 0 + 4. Suppose -z*y - 6*d = -d - 25, 4*y = -2*d + 22. Calculate the highest common divisor of y and 35.
5
Let x be 614/7 + (-2)/(-7). Let q(s) = s**2 - 3*s + 4. Suppose 2*g + 8 = 4*k, 1